{"id":3572,"date":"2025-09-24T19:48:31","date_gmt":"2025-09-24T17:48:31","guid":{"rendered":"https:\/\/allimprovviso.pl\/?page_id=3572"},"modified":"2025-11-20T11:06:20","modified_gmt":"2025-11-20T09:06:20","slug":"elementor-strona-3572","status":"publish","type":"page","link":"https:\/\/allimprovviso.pl\/?page_id=3572","title":{"rendered":"14.11 ENSEMBLE VILLANCICO"},"content":{"rendered":"\t\t<div data-elementor-type=\"wp-page\" data-elementor-id=\"3572\" class=\"elementor elementor-3572\" data-elementor-post-type=\"page\">\n\t\t\t\t\t\t<section class=\"elementor-section elementor-top-section elementor-element elementor-element-8628245 elementor-section-boxed elementor-section-height-default elementor-section-height-default\" data-id=\"8628245\" data-element_type=\"section\">\n\t\t\t\t\t\t<div class=\"elementor-container elementor-column-gap-default\">\n\t\t\t\t\t<div class=\"elementor-column elementor-col-100 elementor-top-column elementor-element elementor-element-37f8e1f\" data-id=\"37f8e1f\" data-element_type=\"column\">\n\t\t\t<div class=\"elementor-widget-wrap elementor-element-populated\">\n\t\t\t\t\t\t<div class=\"elementor-element elementor-element-1af25b0 elementor-widget elementor-widget-spacer\" data-id=\"1af25b0\" data-element_type=\"widget\" data-widget_type=\"spacer.default\">\n\t\t\t\t<div class=\"elementor-widget-container\">\n\t\t\t\t\t\t\t<div class=\"elementor-spacer\">\n\t\t\t<div class=\"elementor-spacer-inner\"><\/div>\n\t\t<\/div>\n\t\t\t\t\t\t<\/div>\n\t\t\t\t<\/div>\n\t\t\t\t\t<\/div>\n\t\t<\/div>\n\t\t\t\t\t<\/div>\n\t\t<\/section>\n\t\t\t\t<section class=\"elementor-section elementor-top-section elementor-element elementor-element-1370dd4 elementor-section-boxed elementor-section-height-default elementor-section-height-default\" data-id=\"1370dd4\" data-element_type=\"section\">\n\t\t\t\t\t\t<div class=\"elementor-container elementor-column-gap-default\">\n\t\t\t\t\t<div class=\"elementor-column elementor-col-100 elementor-top-column elementor-element elementor-element-db5ffdc\" data-id=\"db5ffdc\" data-element_type=\"column\">\n\t\t\t<div class=\"elementor-widget-wrap elementor-element-populated\">\n\t\t\t\t\t\t<div class=\"elementor-element elementor-element-2db2391 elementor-widget elementor-widget-spacer\" data-id=\"2db2391\" data-element_type=\"widget\" data-widget_type=\"spacer.default\">\n\t\t\t\t<div class=\"elementor-widget-container\">\n\t\t\t\t\t\t\t<div class=\"elementor-spacer\">\n\t\t\t<div class=\"elementor-spacer-inner\"><\/div>\n\t\t<\/div>\n\t\t\t\t\t\t<\/div>\n\t\t\t\t<\/div>\n\t\t\t\t\t<\/div>\n\t\t<\/div>\n\t\t\t\t\t<\/div>\n\t\t<\/section>\n\t\t\t\t<section class=\"elementor-section elementor-top-section elementor-element elementor-element-2fe07ef elementor-section-boxed elementor-section-height-default elementor-section-height-default\" data-id=\"2fe07ef\" data-element_type=\"section\">\n\t\t\t\t\t\t<div class=\"elementor-container elementor-column-gap-default\">\n\t\t\t\t\t<div class=\"elementor-column elementor-col-100 elementor-top-column elementor-element elementor-element-818bd0f\" data-id=\"818bd0f\" data-element_type=\"column\">\n\t\t\t<div class=\"elementor-widget-wrap elementor-element-populated\">\n\t\t\t\t\t\t<div class=\"elementor-element elementor-element-a97c331 elementor-widget elementor-widget-image\" data-id=\"a97c331\" data-element_type=\"widget\" data-widget_type=\"image.default\">\n\t\t\t\t<div class=\"elementor-widget-container\">\n\t\t\t\t\t\t\t\t\t\t\t\t\t\t\t<img fetchpriority=\"high\" decoding=\"async\" width=\"1024\" height=\"536\" src=\"https:\/\/allimprovviso.pl\/wp-content\/uploads\/2025\/09\/ENSEMBLE-VILLANICO-1024x536.png\" class=\"attachment-large size-large wp-image-3574\" alt=\"ENSEMBLE VILLANICO\" srcset=\"https:\/\/allimprovviso.pl\/wp-content\/uploads\/2025\/09\/ENSEMBLE-VILLANICO-1024x536.png 1024w, https:\/\/allimprovviso.pl\/wp-content\/uploads\/2025\/09\/ENSEMBLE-VILLANICO-300x157.png 300w, https:\/\/allimprovviso.pl\/wp-content\/uploads\/2025\/09\/ENSEMBLE-VILLANICO-768x402.png 768w, https:\/\/allimprovviso.pl\/wp-content\/uploads\/2025\/09\/ENSEMBLE-VILLANICO-1536x804.png 1536w, https:\/\/allimprovviso.pl\/wp-content\/uploads\/2025\/09\/ENSEMBLE-VILLANICO.png 1920w\" sizes=\"(max-width: 1024px) 100vw, 1024px\" \/>\t\t\t\t\t\t\t\t\t\t\t\t\t\t\t<\/div>\n\t\t\t\t<\/div>\n\t\t\t\t\t<\/div>\n\t\t<\/div>\n\t\t\t\t\t<\/div>\n\t\t<\/section>\n\t\t\t\t<section class=\"elementor-section elementor-top-section elementor-element elementor-element-83c0622 elementor-section-boxed elementor-section-height-default elementor-section-height-default\" data-id=\"83c0622\" data-element_type=\"section\">\n\t\t\t\t\t\t<div class=\"elementor-container elementor-column-gap-default\">\n\t\t\t\t\t<div class=\"elementor-column elementor-col-100 elementor-top-column elementor-element elementor-element-a52767d\" data-id=\"a52767d\" data-element_type=\"column\">\n\t\t\t<div class=\"elementor-widget-wrap elementor-element-populated\">\n\t\t\t\t\t\t<section class=\"elementor-section elementor-inner-section elementor-element elementor-element-1e31359 elementor-section-boxed elementor-section-height-default elementor-section-height-default\" data-id=\"1e31359\" data-element_type=\"section\">\n\t\t\t\t\t\t<div class=\"elementor-container elementor-column-gap-default\">\n\t\t\t\t\t<div class=\"elementor-column elementor-col-50 elementor-inner-column elementor-element elementor-element-e35f499\" data-id=\"e35f499\" data-element_type=\"column\">\n\t\t\t<div class=\"elementor-widget-wrap elementor-element-populated\">\n\t\t\t\t\t\t<div class=\"elementor-element elementor-element-1ccbaa6 elementor-widget elementor-widget-text-editor\" data-id=\"1ccbaa6\" data-element_type=\"widget\" data-widget_type=\"text-editor.default\">\n\t\t\t\t<div class=\"elementor-widget-container\">\n\t\t\t\t\t\t\t\t\t<div class=\"xdj266r x14z9mp xat24cr x1lziwak x1vvkbs\"><strong>\u00a1FIESTA BARROCA LATINA!<\/strong><\/div><div class=\"xdj266r x14z9mp xat24cr x1lziwak x1vvkbs\"><strong>\u00a0<\/strong><\/div><div class=\"x14z9mp xat24cr x1lziwak x1vvkbs xtlvy1s\">Spotkanie z muzykami i tancerzami szwedzkiej grupy Ensemble Villancico przeniesie nas do Ameryki \u0141aci\u0144skiej XVIII wieku. Gdy publiczno\u015b\u0107 wchodzi do sali, ksi\u0105dz w\u0142a\u015bnie ko\u0144czy odprawia\u0107 msz\u0119. Wierni wychodz\u0105 z ko\u015bcio\u0142a procesj\u0105, kieruj\u0105c si\u0119 w stron\u0119 rynku, gdzie czeka na nich barwna fiesta \u2013 odzwierciedlenie r\u00f3\u017cnorodnego dziedzictwa kulturowego, w kt\u00f3rym splataj\u0105 si\u0119 tradycje muzyczne rdzennych mieszka\u0144c\u00f3w, mieszka\u0144c\u00f3w Afryki<br \/>i Europejczyk\u00f3w.<\/div><div>\u00a0<\/div><div><p data-start=\"592\" data-end=\"1053\">Pedro jest bez pami\u0119ci zakochany w Amalii, lecz ona, zapatrzona w siebie i sw\u00f3j wygl\u0105d, okazuje mu niewiele zainteresowania. Mieszka\u0144cy miasteczka \u017cywo komentuj\u0105 losy ich romansu. Amalia zaczyna kokietowa\u0107 ksi\u0119dza i na pewien czas znika z nim z placu. Po ich powrocie kr\u0105\u017c\u0105 ju\u017c plotki \u2013 pojawiaj\u0105 si\u0119 oskar\u017cenia, Pedro prze\u017cywa zaw\u00f3d, Amalia jest zaniepokojona, ale autorytet ksi\u0119dza pozostaje nienaruszony. W chwili zbiorowej refleksji \u017cycie toczy si\u0119 dalej.<\/p><p data-start=\"1055\" data-end=\"1374\">Fiesta rozbrzmiewa na nowo, a mimo przeciwno\u015bci Amalia i Pedro zostaj\u0105 ostatecznie po\u0142\u0105czeni \u2013 z pomoc\u0105 dwojga swat\u00f3w. Ksi\u0105dz, nieoczekiwanie, zostaje wezwany do udzielenia im \u015blubu. Teraz powod\u00f3w do rado\u015bci jest jeszcze wi\u0119cej, a \u00a1Fiesta barroca Latina! ko\u0144czy si\u0119 w atmosferze \u015bpiewu, ta\u0144ca i radosnego \u015bwi\u0119towania!<\/p><p data-start=\"1055\" data-end=\"1374\">\u00a0<\/p><\/div><div class=\"x14z9mp xat24cr x1lziwak x1vvkbs xtlvy1s\">* Koncert poprzedzi gala wr\u0119czenia nagr\u00f3d w konkursie Innowator \u015al\u0105ska organizowany przez G\u00f3rno\u015bl\u0105ski Akcelerator Przedsi\u0119biorczo\u015bci Rynkowej sp. z. o. o.<\/div>\t\t\t\t\t\t\t\t<\/div>\n\t\t\t\t<\/div>\n\t\t\t\t<div class=\"elementor-element elementor-element-905d3f2 elementor-widget elementor-widget-image\" data-id=\"905d3f2\" data-element_type=\"widget\" data-widget_type=\"image.default\">\n\t\t\t\t<div class=\"elementor-widget-container\">\n\t\t\t\t\t\t\t\t\t\t\t\t\t\t\t<img decoding=\"async\" width=\"300\" height=\"65\" src=\"https:\/\/allimprovviso.pl\/wp-content\/uploads\/2025\/11\/logo-pl_gapr_een-300x65.png\" class=\"attachment-medium size-medium wp-image-3695\" alt=\"\" srcset=\"https:\/\/allimprovviso.pl\/wp-content\/uploads\/2025\/11\/logo-pl_gapr_een-300x65.png 300w, https:\/\/allimprovviso.pl\/wp-content\/uploads\/2025\/11\/logo-pl_gapr_een-768x166.png 768w, https:\/\/allimprovviso.pl\/wp-content\/uploads\/2025\/11\/logo-pl_gapr_een.png 932w\" sizes=\"(max-width: 300px) 100vw, 300px\" \/>\t\t\t\t\t\t\t\t\t\t\t\t\t\t\t<\/div>\n\t\t\t\t<\/div>\n\t\t\t\t<div class=\"elementor-element elementor-element-1fd63ca elementor-widget elementor-widget-image\" data-id=\"1fd63ca\" data-element_type=\"widget\" data-widget_type=\"image.default\">\n\t\t\t\t<div class=\"elementor-widget-container\">\n\t\t\t\t\t\t\t\t\t\t\t\t\t\t\t<img decoding=\"async\" width=\"300\" height=\"94\" src=\"https:\/\/allimprovviso.pl\/wp-content\/uploads\/2025\/11\/Innowator-Slaska-logotyp-300x94.jpg\" class=\"attachment-medium size-medium wp-image-3696\" alt=\"\" srcset=\"https:\/\/allimprovviso.pl\/wp-content\/uploads\/2025\/11\/Innowator-Slaska-logotyp-300x94.jpg 300w, https:\/\/allimprovviso.pl\/wp-content\/uploads\/2025\/11\/Innowator-Slaska-logotyp-1024x322.jpg 1024w, https:\/\/allimprovviso.pl\/wp-content\/uploads\/2025\/11\/Innowator-Slaska-logotyp-768x241.jpg 768w, https:\/\/allimprovviso.pl\/wp-content\/uploads\/2025\/11\/Innowator-Slaska-logotyp-1536x482.jpg 1536w, https:\/\/allimprovviso.pl\/wp-content\/uploads\/2025\/11\/Innowator-Slaska-logotyp.jpg 1891w\" sizes=\"(max-width: 300px) 100vw, 300px\" \/>\t\t\t\t\t\t\t\t\t\t\t\t\t\t\t<\/div>\n\t\t\t\t<\/div>\n\t\t\t\t\t<\/div>\n\t\t<\/div>\n\t\t\t\t<div class=\"elementor-column elementor-col-50 elementor-inner-column elementor-element elementor-element-7711b8e\" data-id=\"7711b8e\" data-element_type=\"column\">\n\t\t\t<div class=\"elementor-widget-wrap elementor-element-populated\">\n\t\t\t\t\t\t<div class=\"elementor-element elementor-element-89ee0a7 elementor-widget elementor-widget-text-editor\" data-id=\"89ee0a7\" data-element_type=\"widget\" data-widget_type=\"text-editor.default\">\n\t\t\t\t<div class=\"elementor-widget-container\">\n\t\t\t\t\t\t\t\t\t<div class=\"x14z9mp xat24cr x1lziwak x1vvkbs xtlvy1s\"><p><strong>ENSEMBLE VILLANCICO<\/strong>\u00a0<\/p><p>Grupa jest pionierem wprowadzania muzyki baroku latynoameryka\u0144skiego na sceny Skandynawii. Zesp\u00f3\u0142 powsta\u0142 w 1995 roku z inicjatywy Petera Pontvika i od tego czasu odby\u0142 liczne tourn\u00e9e w ponad 30 krajach, zyskuj\u0105c miano czo\u0142owego zespo\u0142u w Skandynawii specjalizuj\u0105cego si\u0119 w tym barwnym repertuarze.<\/p><\/div><div class=\"x14z9mp xat24cr x1lziwak x1vvkbs xtlvy1s\">\u0141\u0105cz\u0105c rytmiczn\u0105 \u017cywio\u0142owo\u015b\u0107 i bogactwo kolor\u00f3w wczesnego baroku latynoameryka\u0144skiego z przejrzysto\u015bci\u0105 i precyzj\u0105 szwedzkiej tradycji wokalno-instrumentalnej, Ensemble Villancico stworzy\u0142 w\u0142asny, rozpoznawalny styl. Zesp\u00f3\u0142 s\u0142ynie z jasnego brzmienia, ekspresyjnych wykona\u0144 i teatralnych akcent\u00f3w, dzi\u0119ki kt\u00f3rym zdoby\u0142 uznanie mi\u0119dzynarodowej publiczno\u015bci.<\/div><div class=\"x14z9mp xat24cr x1lziwak x1vvkbs xtlvy1s\">Do osi\u0105gni\u0119\u0107 zespo\u0142u nale\u017c\u0105 liczne nagrania p\u0142ytowe, nominacja do szwedzkiej nagrody Grammy, nagroda za interpretacj\u0119 oraz rejestracje radiowe i telewizyjne w Szwecji i za granic\u0105.<\/div><div class=\"x14z9mp xat24cr x1lziwak x1vvkbs xtlvy1s\"><strong>PETER PONTVIK:<\/strong> Urodzony w Kopenhadze Peter Pontvik jest kompozytorem, dyrygentem, producentem muzycznym i muzykologiem. Kszta\u0142ci\u0142 si\u0119 w Szwecji, Urugwaju i Niemczech. Tworzy muzyk\u0119 kameraln\u0105 i ch\u00f3raln\u0105, a r\u00f3wnocze\u015bnie prowadzi badania nad muzyk\u0105 dawn\u0105. W 1995 roku za\u0142o\u017cy\u0142 Ensemble Villancico, a obecnie pe\u0142ni funkcj\u0119 dyrektora artystycznego Stockholm Early Music Festival oraz EARLY MUSIC SWEDEN. By\u0142 tak\u017ce prezesem REMA \u2013 Europejskiej Sieci Muzyki Dawnej (2011\u20132015), a obecnie przewodniczy sieci nordyckiej NORDEM.\u00a0Pontvik jest r\u00f3wnie\u017c inicjatorem Dnia Muzyki Dawnej (21 marca), obchodzonego dzi\u015b w ca\u0142ej Europie. Jego dzia\u0142alno\u015b\u0107 zosta\u0142a uhonorowana m.in. tytu\u0142em \u201ePromotora muzyki roku\u201d przyznanym przez Sweden Festivals oraz szwedzk\u0105 Nagrod\u0105 Muzyki Dawnej.<\/div><div>\u00a0<\/div><div><span class=\"x193iq5w xeuugli x13faqbe x1vvkbs x1xmvt09 x1lliihq x1s928wv xhkezso x1gmr53x x1cpjm7i x1fgarty x1943h6x xudqn12 x3x7a5m x6prxxf xvq8zen xo1l8bm xzsf02u x1yc453h\" dir=\"auto\"><em>Dofinansowano ze \u015brodk\u00f3w Ministerstwa Kultury i Dziedzictwa Narodowego pochodz\u0105cych z Funduszu Promocji Kultury \u2013 pa\u0144stwowego funduszu celowego, w ramach programu \u201eMuzyka\u201d, realizowanego przez Narodowy Instytut Muzyki i Ta\u0144ca. oraz z bud\u017cetu Miasta Gliwice.<\/em><\/span><\/div>\t\t\t\t\t\t\t\t<\/div>\n\t\t\t\t<\/div>\n\t\t\t\t\t<\/div>\n\t\t<\/div>\n\t\t\t\t\t<\/div>\n\t\t<\/section>\n\t\t\t\t\t<\/div>\n\t\t<\/div>\n\t\t\t\t\t<\/div>\n\t\t<\/section>\n\t\t\t\t<\/div>\n\t\t","protected":false},"excerpt":{"rendered":"<p>\u00a1FIESTA BARROCA LATINA!\u00a0Spotkanie z muzykami i tancerzami szwedzkiej grupy Ensemble Villancico przeniesie nas do Ameryki \u0141aci\u0144skiej XVIII wieku. Gdy publiczno\u015b\u0107 wchodzi do sali, ksi\u0105dz w\u0142a\u015bnie ko\u0144czy odprawia\u0107 msz\u0119. Wierni wychodz\u0105 z ko\u015bcio\u0142a procesj\u0105, kieruj\u0105c si\u0119 w stron\u0119 rynku, gdzie czeka na nich barwna fiesta \u2013 odzwierciedlenie r\u00f3\u017cnorodnego dziedzictwa kulturowego, w kt\u00f3rym splataj\u0105 si\u0119 tradycje muzyczne&#8230;<\/p>\n","protected":false},"author":5,"featured_media":0,"parent":0,"menu_order":0,"comment_status":"closed","ping_status":"closed","template":"","meta":{"_kad_post_transparent":"default","_kad_post_title":"hide","_kad_post_layout":"fullwidth","_kad_post_sidebar_id":"","_kad_post_content_style":"unboxed","_kad_post_vertical_padding":"hide","_kad_post_feature":"hide","_kad_post_feature_position":"","_kad_post_header":false,"_kad_post_footer":false,"footnotes":""},"class_list":["post-3572","page","type-page","status-publish","hentry"],"_links":{"self":[{"href":"https:\/\/allimprovviso.pl\/index.php?rest_route=\/wp\/v2\/pages\/3572","targetHints":{"allow":["GET"]}}],"collection":[{"href":"https:\/\/allimprovviso.pl\/index.php?rest_route=\/wp\/v2\/pages"}],"about":[{"href":"https:\/\/allimprovviso.pl\/index.php?rest_route=\/wp\/v2\/types\/page"}],"author":[{"embeddable":true,"href":"https:\/\/allimprovviso.pl\/index.php?rest_route=\/wp\/v2\/users\/5"}],"replies":[{"embeddable":true,"href":"https:\/\/allimprovviso.pl\/index.php?rest_route=%2Fwp%2Fv2%2Fcomments&post=3572"}],"version-history":[{"count":14,"href":"https:\/\/allimprovviso.pl\/index.php?rest_route=\/wp\/v2\/pages\/3572\/revisions"}],"predecessor-version":[{"id":3699,"href":"https:\/\/allimprovviso.pl\/index.php?rest_route=\/wp\/v2\/pages\/3572\/revisions\/3699"}],"wp:attachment":[{"href":"https:\/\/allimprovviso.pl\/index.php?rest_route=%2Fwp%2Fv2%2Fmedia&parent=3572"}],"curies":[{"name":"wp","href":"https:\/\/api.w.org\/{rel}","templated":true}]}}